{"id":935,"date":"2017-07-04T09:39:57","date_gmt":"2017-07-04T07:39:57","guid":{"rendered":"http:\/\/www.ddec22.asso.fr\/lenumerique\/?page_id=935"},"modified":"2018-10-07T18:45:11","modified_gmt":"2018-10-07T16:45:11","slug":"reglement-movie-makers","status":"publish","type":"page","link":"http:\/\/www.ddec22.asso.fr\/lenumerique\/moviemakers\/reglement-movie-makers\/","title":{"rendered":"R\u00e9glement Movie makers"},"content":{"rendered":"<p>[et_pb_section bb_built=&#8221;1&#8243; _builder_version=&#8221;3.9&#8243; next_background_color=&#8221;#cbc7bb&#8221; background_color=&#8221;#807060&#8243; bottom_divider_style=&#8221;wave&#8221;][et_pb_row _builder_version=&#8221;3.0.47&#8243; background_size=&#8221;initial&#8221; background_position=&#8221;top_left&#8221; background_repeat=&#8221;repeat&#8221;][et_pb_column type=&#8221;4_4&#8243;][et_pb_text admin_label=&#8221;Retour titre&#8221; _builder_version=&#8221;3.3.1&#8243;]<\/p>\n<h1><a href=\"http:\/\/www.ddec22.asso.fr\/lenumerique\/index.php\/moviemakers\/moviemakers2019\/\"><img loading=\"lazy\" decoding=\"async\" class=\"alignleft wp-image-51043 size-medium\" src=\"http:\/\/www.ddec22.asso.fr\/lenumerique\/wp-content\/uploads\/2018\/07\/logo-300x126.png\" alt=\"\" width=\"300\" height=\"126\" srcset=\"http:\/\/www.ddec22.asso.fr\/lenumerique\/wp-content\/uploads\/2018\/07\/logo-300x126.png 300w, http:\/\/www.ddec22.asso.fr\/lenumerique\/wp-content\/uploads\/2018\/07\/logo-768x323.png 768w, http:\/\/www.ddec22.asso.fr\/lenumerique\/wp-content\/uploads\/2018\/07\/logo-1024x431.png 1024w, http:\/\/www.ddec22.asso.fr\/lenumerique\/wp-content\/uploads\/2018\/07\/logo.png 1045w\" sizes=\"(max-width: 300px) 100vw, 300px\" \/><\/a>Produire des images num\u00e9riques pour mieux les comprendre<\/h1>\n<p>[\/et_pb_text][et_pb_button admin_label=&#8221;Bouton accueil&#8221; button_url=&#8221;http:\/\/www.ddec22.asso.fr\/lenumerique\/index.php\/moviemakers\/moviemakers2019\/&#8221; button_text=&#8221;Accueil&#8221; button_alignment=&#8221;left&#8221; _builder_version=&#8221;3.9&#8243; custom_button=&#8221;on&#8221; button_text_size=&#8221;18&#8243; button_text_color=&#8221;#000000&#8243; button_bg_color=&#8221;#ffdfb0&#8243; button_border_color=&#8221;#807060&#8243; button_border_radius=&#8221;12&#8243; button_icon=&#8221;%%204%%&#8221; button_icon_color=&#8221;#ffdfb0&#8243; button_text_color_hover=&#8221;#ffffff&#8221; button_bg_color_hover=&#8221;#807060&#8243; custom_margin=&#8221;0px||0px|&#8221; custom_padding=&#8221;0px||0px|&#8221; box_shadow_style=&#8221;preset1&#8243; button_border_color_hover=&#8221;#ffdfb0&#8243;]<\/p>\n<p>&nbsp;<\/p>\n<p>[\/et_pb_button][\/et_pb_column][\/et_pb_row][\/et_pb_section][et_pb_section bb_built=&#8221;1&#8243; specialty=&#8221;off&#8221; _builder_version=&#8221;3.9&#8243; background_color=&#8221;#cbc7bb&#8221; bottom_divider_style=&#8221;wave&#8221; bottom_divider_height=&#8221;48px&#8221; prev_background_color=&#8221;#807060&#8243;][et_pb_row _builder_version=&#8221;3.9&#8243; background_size=&#8221;initial&#8221; background_position=&#8221;top_left&#8221; background_repeat=&#8221;repeat&#8221;][et_pb_column type=&#8221;2_3&#8243;][et_pb_text admin_label=&#8221;r\u00e9glement&#8221; _builder_version=&#8221;3.12.2&#8243; module_alignment=&#8221;left&#8221;]<\/p>\n<h3>R\u00e9glement<\/h3>\n<ul>\n<li>La date limite des inscriptions est fix\u00e9e au jeudi 30 novembre 2018.<\/li>\n<li>C&#8217;est aux lyc\u00e9ens de s&#8217;inscrire, seuls ou \u00e0 plusieurs via le formulaire d&#8217;inscription. Chaque inscription correspond au d\u00e9p\u00f4t d&#8217;un film. Le film peut \u00eatre r\u00e9alis\u00e9 par un ou plusieurs lyc\u00e9ens.<\/li>\n<li>Les images doivent \u00eatre captur\u00e9es avec du mat\u00e9riel mobile : smartphone, tablette ou cam\u00e9ra de type Gopro <strong>de pr\u00e9f\u00e9rence en format paysage<\/strong>.<\/li>\n<li>Le th\u00e8me de l\u2019ann\u00e9e est <strong>&#8220;Mot de passe oubli\u00e9 ?&#8221;<\/strong>.<\/li>\n<li>Le film peut \u00eatre mont\u00e9 avec un logiciel de montage vid\u00e9o sur ordinateur.<\/li>\n<li>La dur\u00e9e du film est de <span style=\"color: #993300;\"><strong>trois minutes maximum<\/strong><\/span>, hors g\u00e9n\u00e9rique.<\/li>\n<li>Toute technique de tournage est autoris\u00e9e (vid\u00e9o classique, timelapse, film d\u2019animation\u2026).<\/li>\n<li>Les auteurs doivent d\u00e9tenir les autorisations de droit \u00e0 l\u2019image des acteurs.<\/li>\n<\/ul>\n<div><strong>D\u2019une mani\u00e8re g\u00e9n\u00e9rale, chaque participant s\u2019engage \u00e0 respecter la l\u00e9gislation et la r\u00e9glementation applicables ainsi qu\u2019\u00e0 ne pas porter atteinte aux bonnes m\u0153urs. Est notamment refus\u00e9e toute production :<\/strong><\/div>\n<div>\u2022 de caract\u00e8re vulgaire<\/div>\n<div>\u2022 en contradiction avec les lois en vigueur<\/div>\n<div>\u2022 contraire aux bonnes m\u0153urs et\/ou \u00e0 l\u2019ordre public<\/div>\n<div>\u2022 repr\u00e9sentant un \u00e9l\u00e9ment soumis \u00e0 des droits de propri\u00e9t\u00e9 intellectuelle ou industrielle, telle qu\u2019une \u0153uvre originale, une marque, un mod\u00e8le d\u00e9pos\u00e9, etc..<\/div>\n<p>&nbsp;<\/p>\n<p><span style=\"color: #800000;\"><strong>Les films seront d\u00e9pos\u00e9s et visibles de tous sur la plateforme vid\u00e9o de l\u2019Enseignement catholique des C\u00f4tes d\u2019Armor et projet\u00e9s en salle au cin\u00e9ma de\u00a0 LOUD\u00c9AC le 28 mars 2019<\/strong><\/span><\/p>\n<p>[\/et_pb_text][\/et_pb_column][et_pb_column type=&#8221;1_3&#8243;][et_pb_image src=&#8221;http:\/\/www.ddec22.asso.fr\/lenumerique\/wp-content\/uploads\/2017\/07\/approved.jpg&#8221; _builder_version=&#8221;3.0.89&#8243; border_style_all=&#8221;solid&#8221; animation_style=&#8221;slide&#8221; animation_direction=&#8221;left&#8221; animation_duration=&#8221;500ms&#8221; animation_intensity_slide=&#8221;10%&#8221; border_style=&#8221;solid&#8221; sticky=&#8221;off&#8221; show_bottom_space=&#8221;off&#8221;]<\/p>\n<p>&nbsp;<\/p>\n<p>[\/et_pb_image][et_pb_text admin_label=&#8221;Texte d\u00e9p\u00f4t&#8221; _builder_version=&#8221;3.9&#8243; custom_margin=&#8221;30px|||&#8221; border_radii=&#8221;on|10px|10px|10px|10px&#8221; border_width_all=&#8221;2px&#8221; border_color_all=&#8221;#6e6e69&#8243; box_shadow_style=&#8221;preset2&#8243; custom_padding=&#8221;20px|20px|20px|20px&#8221;]<\/p>\n<p><strong>La date limite de d\u00e9p\u00f4t de films est fix\u00e9e au 03 mars 2019 \u00e0 minuit. Ils devront \u00eatre envoy\u00e9s \u00e0 la Ddec 22 via une plateforme de transfert (Transfernow, Wetransfer, WeSend) ou d\u00e9pos\u00e9s directement \u00e0 la Ddec par transfert \u00e0 partir d&#8217;une clef usb ou d&#8217;un disque dur.<\/strong><\/p>\n<p>[\/et_pb_text][\/et_pb_column][\/et_pb_row][\/et_pb_section]<\/p>\n","protected":false},"excerpt":{"rendered":"<p>Produire des images num\u00e9riques pour mieux les comprendre &nbsp; R\u00e9glement La date limite des inscriptions est fix\u00e9e au jeudi 30 novembre 2018. C&#8217;est aux lyc\u00e9ens de s&#8217;inscrire, seuls ou \u00e0 plusieurs via le formulaire d&#8217;inscription. Chaque inscription correspond au d\u00e9p\u00f4t d&#8217;un film. Le film peut \u00eatre r\u00e9alis\u00e9 par un ou plusieurs lyc\u00e9ens. Les images doivent [&hellip;]<\/p>\n","protected":false},"author":1,"featured_media":0,"parent":445,"menu_order":0,"comment_status":"closed","ping_status":"closed","template":"page-template-blank.php","meta":{"_et_pb_use_builder":"on","_et_pb_old_content":"","_et_gb_content_width":"","footnotes":""},"class_list":["post-935","page","type-page","status-publish","hentry"],"_links":{"self":[{"href":"http:\/\/www.ddec22.asso.fr\/lenumerique\/wp-json\/wp\/v2\/pages\/935","targetHints":{"allow":["GET"]}}],"collection":[{"href":"http:\/\/www.ddec22.asso.fr\/lenumerique\/wp-json\/wp\/v2\/pages"}],"about":[{"href":"http:\/\/www.ddec22.asso.fr\/lenumerique\/wp-json\/wp\/v2\/types\/page"}],"author":[{"embeddable":true,"href":"http:\/\/www.ddec22.asso.fr\/lenumerique\/wp-json\/wp\/v2\/users\/1"}],"replies":[{"embeddable":true,"href":"http:\/\/www.ddec22.asso.fr\/lenumerique\/wp-json\/wp\/v2\/comments?post=935"}],"version-history":[{"count":0,"href":"http:\/\/www.ddec22.asso.fr\/lenumerique\/wp-json\/wp\/v2\/pages\/935\/revisions"}],"up":[{"embeddable":true,"href":"http:\/\/www.ddec22.asso.fr\/lenumerique\/wp-json\/wp\/v2\/pages\/445"}],"wp:attachment":[{"href":"http:\/\/www.ddec22.asso.fr\/lenumerique\/wp-json\/wp\/v2\/media?parent=935"}],"curies":[{"name":"wp","href":"https:\/\/api.w.org\/{rel}","templated":true}]}}